225?
-156460220
In base 5, what is -213201420 + -133?
-213202103
In base 14, what is -649163 + 7?
-64915a
In base 7, what is -100153346 + 35?
-100153311
In base 11, what is 1749918 + 1a?
1749937
In base 3, what is 12 - 200202121121010?
-200202121120221
In base 10, what is -1177 - 5430?
-6607
In base 14, what is -1b + -881d9cc?
-881da09
In base 8, what is -273751 - -1266?
-272463
In base 8, what is 3165 + 217103?
222270
In base 9, what is 6868 - -8423?
16402
In base 9, what is -561336 - -253?
-561073
In base 11, what is 73 + 1482a5?
148368
In base 15, what is 86 + -2041c?
-20386
In base 6, what is 5205314 - -1150?
5210504
In base 8, what is -5 + 350342422?
350342415
In base 2, what is 1000000000000001 - -110101100001010?
1110101100001011
In base 7, what is 361 + -46203136?
-46202445
In base 11, what is -1405 + -24a40?
-26345
In base 12, what is 18059523 + 1?
18059524
In base 12, what is -2 + 2a68a?
2a688
In base 3, what is 102112011 - -1020121010?
1200010021
In base 7, what is -1055 - -5653040?
5651652
In base 4, what is -131123100221 + 10?
-131123100211
In base 2, what is 10 - 111111000010000100111?
-111111000010000100101
In base 11, what is 13213a8 + 5?
1321402
In base 3, what is 10210110202 - 11210122?
10121200010
In base 12, what is -11490784 + 2?
-11490782
In base 6, what is 2512 + 50125?
53041
In base 10, what is -595278 - -1310?
-593968
In base 9, what is -142355616 - 1?
-142355617
In base 7, what is -22 - -514040243?
514040221
In base 6, what is -1331134012 - 1?
-1331134013
In base 13, what is -5b + 2839505?
2839477
In base 2, what is 1101101100000 - -10010100000000100?
10100001101100100
In base 11, what is 18006688 - -4?
18006691
In base 14, what is 2 + -913357?
-913355
In base 2, what is 1101100101001 + 110111111010?
10100100100011
In base 16, what is 883 - 2036?
-17b3
In base 5, what is 1 + -113014400413?
-113014400412
In base 4, what is -10220 + -200220311?
-200231131
In base 12, what is 214 - ab712?
-ab4ba
In base 9, what is 52242 - -56?
52308
In base 14, what is -8c + -34dd?
-358b
In base 16, what is -19395 + -830?
-19bc5
In base 14, what is -55549 + 6d?
-554ba
In base 2, what is -100100100110 - 10111111101000?
-11100100001110
In base 14, what is 24 + -287dc4?
-287da0
In base 3, what is -20212022 + 2121001201?
2100012102
In base 6, what is 10 - 33010412511?
-33010412501
In base 4, what is -21 - 221202222301?
-221202222322
In base 15, what is -269e7 - 4?
-269eb
In base 5, what is 0 + 4014431040?
4014431040
In base 13, what is -7c05 - 100?
-8005
In base 6, what is 421323025 + 5?
421323034
In base 5, what is -11 + -1300240121?
-1300240132
In base 10, what is -11 - 682124?
-682135
In base 6, what is -3420 + -132112?
-135532
In base 4, what is 12 + -23033103032?
-23033103020
In base 4, what is 1 + -11023222001?
-11023222000
In base 3, what is 11120 + -20112100011?
-20112011121
In base 13, what is -125747 - -38?
-12570c
In base 10, what is 10 + -17187385?
-17187375
In base 9, what is 20030 + 304?
20334
In base 14, what is 3 + 188cbc2?
188cbc5
In base 9, what is 0 - 152068813?
-152068813
In base 11, what is 360 - 2a878a?
-2a842a
In base 8, what is 56476236 - -5?
56476243
In base 2, what is 110101110011000100 - 10111110?
110101110000000110
In base 3, what is 22112101122200 - 121?
22112101122002
In base 13, what is 38a037b + -2?
38a0379
In base 3, what is -212101 - 1221121022221?
-1221122012022
In base 16, what is -26192 + -128?
-262ba
In base 3, what is -10022122 - -2120210?
-201212
In base 11, what is -59a + -2397?
-2986
In base 3, what is 10122202001 + -10122120?
10112002111
In base 6, what is -1 + -1450533531?
-1450533532
In base 2, what is 1010000100 - -11100001110101?
11101011111001
In base 4, what is 22223310 + -312101?
21311203
In base 14, what is -2951 + 40b04?
3c193
In base 4, what is -12132020 - -101?
-12131313
In base 4, what is -310122130 - 121230?
-310310020
In base 13, what is 6b418 - -a7?
6b4c2
In base 13, what is 6 - 7bb08b?
-7bb085
In base 12, what is 44496aa - 5?
44496a5
In base 2, what is -11010011000 - 11110001000011?
-100001011011011
In base 5, what is -10224 - -13221?
2442
In base 15, what is -bc - -28021b?
28014e
In base 4, what is -110312202 - -3131?
-110303011
In base 15, what is 7 - -996287b?
9962883
In base 11, what is -49086 - -8?
-49079
In base 6, what is -14241305003 - -3?
-14241305000
In base 2, what is -10110 - -101100000111110?
101100000101000
In base 16, what is 9 - -3d8c3?
3d8cc
In base 15, what is -5e + 14264b?
1425dc
In base 16, what is 1196c - -e8?
11a54
In base 4, what is 2113331 - 1111302?
1002023
In base 6, what is -25402135 + -134?
-25402313
In base 8, what is 1426154 - 76?
1426056
In base 6, what is -43 - 3300535?
-3301022
In base 15, what is 5 - -c324d5?
c324da
In base 15, what is -5a4 + 74b3?
6e0e
In base 12, what is a3722 + 653?
a4175
In base 10, what is 3158 + 399?
3557
In base 8, what is 34156 + -13566?
20370
In base 13, what is -c65ab96 - -1?
-c65ab95
In base 13, what is -1 - -362c81?
362c80
In base 10, what is 103 + 614813?
614916
In base 3, what is 1202111120012202 + -120?
1202111120012012
In base 9, what is 647774883 - 4?
647774878
In base 4, what is -132100 + 10122313?
3330213
In base 13, what is -c8b9b8 + 85?
-c8b933
In base 9, what is -714105 + -236?
-714342
In base 4, what is 3302 + 111122312?
111132220
In base 3, what is 202110220221221 - -10?
202110220222001
In base 13, what is -2673 - -42a?
-2246
In base 10, what is 861255 - -2?
861257
In base 16, what is -74 - -19c387?
19c313
In base 10, what is -114 - 1375861?
-1375975
In base 11, what is -4 + -15652958?
-15652961
In base 7, what is 314 - 1053145?
-1052531
In base 7, what is -125 + 50164441?
50164313
In base 6, what is 2010230101 + 1?
2010230102
In base 5, what is 32000312 + -20?
32000242
In base 6, what is 144553133 + -321?
144552412
In base 8, what is 176 + 2373116?
2373314
In base 6, what is 1 + -1322441023?
-1322441022
In base 4, what is 2323312222 + -10003?
2323302213
In base 16, what is -19e262 - -10?
-19e252
In base 6, what is -404 + -242155514?
-242200322
In base 12, what is 60a48 - -38a?
61216
In base 11, what is -4403568 + -a?
-4403577
In base 6, what is 22 - 310422?
-310400
In base 5, what is 1 + -1112340113222?
-1112340113221
In base 12, what is 2 - 117804?
-117802
In base 4, what is -211202122311 + 1?
-211202122310
In base 16, what is -78bc7a + -49?
-78bcc3
In base 5, what is 134 - 3101041142?
-3101041003
In base 5, what is 211344144 - -112?
211344311
In base 12, what is 1379a8 - -1b?
137a07
In base 9, what is 465187631 + 3?
465187634
In base 9, what is -5 - -11548280?
11548274
In base 9, what is -35463160 - 0?
-35463160
In base 2, what is -11101110101 + -100100101001010?
-101000010111111
In base 8, what is -5 - -2043625?
2043620
In base 7, what is 4424 + 11116?
15543
In base 12, what is 4 - -429906?
42990a
In base 9, what is 120 - -270607?
270727
In base 14, what is 404a86 - 2?
404a84
In base 13, what is 1b355b2 + -a?
1b355a5
In base 12, what is -165 - -13320?
13177
In base 14, what is -6 - -128cc19?
128cc13
In base 13, what is 15780 + -1301?
1447c
In base 6, what is 212 - 25513015?
-25512403
In base 15, what is 4 + 1139000?
1139004
In base 13, what is 356 - -5c070?
5c3c6
In base 12, what is 9 + 40727?
40734
In base 4, what is 11 - 133010223102?
-133010223031
In base 16, what is 1b9345 + 10d?
1b9452
In base 4, what is 20102 + -22330?
-2222
In base 14, what is -8b8241 - 1?
-8b8242
In base 4, what is 100001030 + -221121?
33113303
In base 16, what is -152 - -d73e?
d5ec
In base 10, what is 1 - -3394889?
3394890
In base 8, what is 134766202 + 3?
134766205
In base 3, what is -20000122 - -10021200?
-2201222
In base 16, what is -46cdb - 2c3?
-46f9e
In base 10, what is 6271332 + -5?
6271327
In base 11, what is 54a21 - 339?
54693
In base 6, what is -3343 - -35214?
31431
In base 4, what is -1 - -1301313221203?
1301313221202
In base 15, what is 4504 - -1201?
5705
In base 4, what is -101330130 - 1110331?
-103101121
In base 15, what is -d82 + 1b09?
c77
In base 16, what is 2d + -2e6e?
-2e41
In base 12, what is -11813 + 7351?
-6482
In base 14, what is -13542 - -406?
-1313a
In base 13, what is -210401b84 - 2?
-210401b86
In base 4, what is 11003320 + -13221?
10330033
In base 13, what is -67ca + -5b8b?
-c688
In base 2, what is -